 + 13*i = 48. What is the highest common divisor of 16 and i?
16
Suppose 2*h = -56 + 128. Let y = -20 - -38. What is the highest common factor of h and y?
18
Let i = 364 - 357. Calculate the highest common factor of i and 1134.
7
Let c(i) = 14*i**2 - 9*i - 13. Let h be c(3). What is the highest common divisor of 2 and h?
2
Let r be (-35)/(-42)*(0 + -3)*-2. Suppose -3*o + 3*i + 165 = -0*i, o + r*i = 25. Calculate the highest common factor of 5 and o.
5
Suppose 3*i = 2*j - 53, j = -4*i + 16 + 16. What is the highest common factor of 784 and j?
28
Let b(q) = q**3 + 8*q**2 + 3*q - 15. Let h = 1 + -8. Let w be b(h). Calculate the greatest common factor of 13 and w.
13
Suppose -f + 4*d + 640 = -599, 4*f = -2*d + 4938. What is the highest common factor of f and 190?
95
Suppose 693 = -5*c + 12*c. Calculate the highest common factor of 9 and c.
9
Let o be (8/20)/(4/(-140)). Let k(m) = -m + 3. Let x be k(o). Suppose 7*a - x = 6*a. What is the highest common divisor of 187 and a?
17
Let p(f) = f**2 - 4. Suppose -3*z + 5*z = -4. Let w be p(z). Suppose 0 = -5*s + b + 75, w*s + 2*b + 15 = s. Calculate the highest common divisor of s and 45.
15
Suppose -2*h - 3 = -7. Suppose 1375 = 3*g + h*g. Suppose 4*q = -q + g. Calculate the highest common factor of q and 5.
5
Suppose 0 = -2*b - 5*z + 53, -z - 67 = -3*b - 6*z. Let p = 301 + -203. What is the highest common factor of p and b?
14
Let p = 685 - 427. Calculate the highest common factor of 301 and p.
43
Suppose 0 = -92*z + 135*z - 90300. Calculate the highest common divisor of 20 and z.
20
Suppose 80 = -5*f - 95. Let i = -30 - f. Calculate the greatest common factor of 35 and i.
5
Let h = 5 - -17. Suppose -4*j = j - 4*d + 12, -2*j - 3*d - 14 = 0. Let s be 58 - (-3 - j) - 2. What is the highest common factor of h and s?
11
Let r be 236/(1/((-5)/(-10))). Let y = 206 - r. Calculate the highest common factor of 8 and y.
8
Let b(c) = 3*c - 2. Let g(r) = -r + 1. Let j(s) = 2*b(s) + 7*g(s). Let y be j(-2). Calculate the greatest common divisor of 35 and y.
5
Let o = -230 - -243. What is the greatest common factor of o and 169?
13
Suppose 2037 = 109*f + 184. What is the highest common factor of 595 and f?
17
Let c(i) = -2*i - 14*i**2 - 19*i**2 + 4 + 34*i**2. Let x be c(0). What is the greatest common factor of 40 and x?
4
Suppose -2*k + 32 = 2*k - 5*y, 2*y = 0. Let m be 4302*(0 - k/(-12)). Let f be 2/(-17) - m/(-102). What is the highest common factor of f and 196?
28
Let r(u) = -117*u + 1. Let s be r(1). Let b be (-8)/(-20) - s/10. Let q = 122 - b. What is the greatest common factor of 10 and q?
10
Let j be ((-44)/(-33))/((-1)/(-99)). Suppose 7*w - 28 - 56 = 0. Calculate the highest common factor of j and w.
12
Suppose 12 - 4 = 2*n + 2*k, 3*k = 0. Suppose -n*o + 3*s - 75 = -231, -2*s = 3*o - 117. What is the highest common factor of 13 and o?
13
Let n = 338 + -107. What is the greatest common factor of n and 63?
21
Suppose 36*s - 5*s - 1116 = 0. What is the greatest common factor of s and 12?
12
Let l(i) = -i**3 - 19*i**2 - 10*i + 42. Let r be l(-19). Calculate the greatest common divisor of r and 174.
58
Let r = -79 - -183. Calculate the highest common divisor of r and 130.
26
Let o(g) = 2*g**2 - 82*g + 96. Let u be o(40). Calculate the highest common divisor of u and 1200.
16
Let o(c) = c**3 + 11*c**2 + 9*c + 17. Let w be o(-10). Suppose 120 = 32*j - w*j. What is the greatest common divisor of j and 168?
24
Let m be 6/(-21) + 121/7. Let x be (-12)/(-14)*(-9 + 1314/27). What is the greatest common divisor of m and x?
17
Let b = 63 + -59. Suppose -5*g - 58 = 2*u - 5*u, 124 = b*u + 5*g. Calculate the highest common factor of u and 65.
13
Suppose -3*v = v - 4. Let i be (-111 + v)*6/(-5). Suppose 89*p = 97*p - 96. Calculate the highest common divisor of p and i.
12
Let x(p) = 214*p - 186. Let t be x(1). Calculate the greatest common factor of t and 364.
28
Let z = 23 - 26. Let o be (18 - 0) + (0 - z - 6). Calculate the highest common divisor of 120 and o.
15
Let d be (-2 - 0)*(-90)/4. Suppose -5*v = 5*z, 4*v = -0*v + 5*z + d. Let i be 0 - -11 - (-5)/v. What is the highest common divisor of 4 and i?
4
Let w = -67 + 145. What is the greatest common factor of w and 6?
6
Let q(n) be the second derivative of -n**5/20 - 3*n**4/4 - 3*n**3/2 - 3*n**2/2 - 15*n. Let s be q(-8). Calculate the highest common factor of 50 and s.
5
Let q = 134 + -80. Calculate the greatest common factor of q and 2.
2
Suppose -320 = -2*y + 232. What is the highest common factor of 132 and y?
12
Suppose 7*y - 5*y = 3*d + 135, 0 = 5*y - 2*d - 321. Let o(w) = -w**3 + 7*w**2 + 2*w - 5. Let b be o(7). What is the highest common factor of b and y?
9
Let y(f) = -2*f - 20. Let z be y(-11). Suppose -4*k = -z*g + 4, 0*g + 2*k + 26 = 5*g. Calculate the greatest common factor of g and 102.
6
Let f = -187 - -275. Let h(j) = 3*j + 27. Let i be h(-8). Let c be ((i - 4) + 12)*1. Calculate the highest common factor of f and c.
11
Let n(g) = 20*g + 104. Let z be n(-4). What is the greatest common factor of z and 32?
8
Suppose 3*h + 5*j - 58 = 0, 28 = -4*h - 5*j + 112. Calculate the greatest common divisor of 91 and h.
13
Suppose 6*k = -15 + 39. Let f(t) = 3*t - 6. Let y be f(4). What is the greatest common factor of k and y?
2
Let b be (18/45)/((-1)/(-30)). Let g(a) = a**3 + 13*a**2 + 22*a + 4. Let v be g(-11). What is the highest common factor of v and b?
4
Suppose 4*l + 2 = 2*k + l, 5*l = -10. Let i be (-3)/k*68/6. Let n(q) = -q**2 + q + 85. Let p be n(0). Calculate the greatest common divisor of p and i.
17
Let a = 460 + -441. What is the greatest common divisor of a and 475?
19
Let q be 4 + (-186)/(-8) - 8/32. What is the highest common divisor of q and 513?
27
Let l be (-2 + 5)/((-2)/12). Let t = 52 + l. Calculate the greatest common divisor of t and 34.
34
Let k(v) = 3*v - 33. Let n be (19/(-3))/(-2 - (-5)/3). Let g be k(n). Calculate the greatest common divisor of 12 and g.
12
Let d = -1658 + 1924. What is the highest common divisor of 76 and d?
38
Suppose -u - 2*u + 4*n = -834, 2*u + 3*n - 573 = 0. Let k = -73 + u. Calculate the highest common divisor of k and 19.
19
Suppose 0 = -4*u - 201 - 127. Let w = 324 + u. Calculate the greatest common divisor of w and 22.
22
Let z be (6/8)/(4/16). Calculate the highest common factor of 24 and z.
3
Let z be (-4)/12 - 472/(-12). Suppose z = 9*s - 411. Let j be -2 - (-11*2)/1. Calculate the highest common factor of s and j.
10
Let q = 48 + -91. Let j = q - -56. Calculate the greatest common factor of j and 39.
13
Suppose 0*d = -d + 3*n + 647, -n = -5*d + 3193. What is the greatest common divisor of d and 44?
22
Suppose -96 = -j - 2*j. Let b be 30/(-105) + j/14. Suppose 38 = -4*v - b*a + 196, a - 5 = 0. What is the highest common divisor of v and 185?
37
Let x(o) = 2*o**2 - 17*o - 7. Let m be x(9). Suppose m*y + 48 = 8*y. What is the greatest common divisor of 8 and y?
8
Suppose 0 = -5*n + 5*w + 20, -5*w = -2*w + 6. Let j(k) = -2*k - 7. Let c = -15 - -10. Let s be j(c). What is the greatest common divisor of s and n?
1
Let m be 4*1 + -4 + 4. Suppose -m*u = -k + 6 + 1, k - 5 = 2*u. Suppose 0 = -4*w + 54 - 6. What is the greatest common divisor of k and w?
3
Let y(j) = j**3 - 12*j**2 + 22*j - 4. Let r be y(10). Let f(i) = -i + 23. Let t be f(21). Calculate the greatest common divisor of r and t.
2
Let p(t) = -t - 8. Let i be p(-8). Suppose i*r + r = 2*b - 112, 0 = -3*b + 4*r + 173. Let j = b - 31. What is the highest common divisor of j and 264?
24
Suppose 0 = -4*a + 53 + 51. Suppose 8 = -0*p + 4*p + 4*c, -c + 14 = -3*p. Let w be p + 5/5 - -80. What is the greatest common divisor of a and w?
26
Let g = 56 + -111. Let j be 4/(-5) + 11/g. Let a be (6 - 5)/(j/(-7)). What is the highest common factor of 7 and a?
7
Let n(g) = -6*g + 543. Let y be n(-7). What is the greatest common factor of y and 30?
15
Let b = -2 - 2. Let k(g) be the first derivative of -10*g**2 + 83. Let l be k(b). What is the greatest common divisor of l and 10?
10
Let l(i) = 5*i**2 - 48*i. Let b be l(10). Calculate the greatest common divisor of b and 1640.
20
Let z be 281 + 9 - 24/4. Calculate the highest common divisor of z and 213.
71
Suppose -3*j + 0*j = 0. Let n be 1 + (j - 2) + 1. Let p be 3/(-1) + (7 - n). Calculate the highest common divisor of p 